{"id":2421,"date":"2018-05-31T11:23:57","date_gmt":"2018-05-31T09:23:57","guid":{"rendered":"http:\/\/s597688454.mialojamiento.es\/grabalosa\/?page_id=14"},"modified":"2024-01-11T13:31:24","modified_gmt":"2024-01-11T12:31:24","slug":"inici","status":"publish","type":"page","link":"https:\/\/grabalosa.com\/portes\/","title":{"rendered":"Inici"},"content":{"rendered":"<div class=\"wpb-content-wrapper\"><p>[vc_row css_animation=&#8221;&#8221; row_type=&#8221;row&#8221; use_row_as_full_screen_section=&#8221;no&#8221; type=&#8221;full_width&#8221; angled_section=&#8221;no&#8221; text_align=&#8221;left&#8221; background_image_as_pattern=&#8221;without_pattern&#8221;][vc_column][\/vc_column][\/vc_row][vc_row css_animation=&#8221;element_from_fade&#8221; row_type=&#8221;row&#8221; use_row_as_full_screen_section=&#8221;no&#8221; type=&#8221;grid&#8221; angled_section=&#8221;no&#8221; text_align=&#8221;left&#8221; background_image_as_pattern=&#8221;without_pattern&#8221; z_index=&#8221;&#8221; css=&#8221;.vc_custom_1550260022824{margin-top: 20px !important;margin-bottom: 20px !important;padding-top: 60px !important;padding-bottom: 60px !important;background-color: #f1f1f1 !important;}&#8221; el_class=&#8221;tres-icones&#8221;][vc_column css_animation=&#8221;none&#8221; width=&#8221;1\/3&#8243; el_class=&#8221;icon-pressupost icon-blanc&#8221; offset=&#8221;vc_col-lg-4 vc_col-md-4 vc_col-xs-12&#8243;][vc_raw_html]JTNDZGl2JTIwY2xhc3MlM0QlMjJpY29uYS1hbWItdGV4dCUyMiUzRSUzQ2ltZyUyMGl0ZW1wcm9wJTNEJTIyaW1hZ2UlMjIlMjBzcmMlM0QlMjJodHRwcyUzQSUyRiUyRmdyYWJhbG9zYS5jb20lMkZ3cC1jb250ZW50JTJGdXBsb2FkcyUyRnNpdGVzJTJGMiUyRjIwMTglMkYxMSUyRnByZXNzdXBvc3QtZ3JhdHVpdC1uZWdyZS5zdmclMjIlMjBhbHQlM0QlMjJJY29uYSUyMGQlMjd1bmElMjBmYWN0dXJhJTIwaSUyMHVuYSUyMGNhbGN1bGFkb3JhJTIwc2ltYm9saXR6YW50JTIwZWwlMjBwcmVzc3Vwb3N0JTIwZGUlMjBsZXMlMjBwb3J0ZXMlMjIlM0UlM0NoMyUzRVBSRVNTVVBPU1QlM0MlMkZoMyUzRSUzQ2gzJTIwY2xhc3MlM0QlMjJ3LTQwMCUyMiUzRUdSQVRVJUMzJThGVCUzQyUyRmgzJTNFJTNDcCUzRVNvbCVDMiVCN2xpY2l0aSUyMHByZXNzdXBvc3QlMjBzZW5zZSUyMGNvbXByb20lQzMlQURzJTIwb21wbGludCUyMHVuJTIwc2VuemlsbCUyMGZvcm11bGFyaSUzQyUyRnAlM0UlM0MlMkZkaXYlM0U=[\/vc_raw_html]<a  itemprop=\"url\" href=\"https:\/\/grabalosa.com\/portes\/pressupost\/\" target=\"_self\" data-hover-background-color=\"#1d1d1b\" data-hover-border-color=\"#1d1d1b\" data-hover-color=\"#ffffff\" class=\"qbutton  small center white default boto-mesinfo boto-pressu\" style=\"color: #1d1d1b; border-color: #1d1d1b; border-radius: 3px;-moz-border-radius: 3px;-webkit-border-radius: 3px; background-color:transparent;\">M\u00c9S INFORMACI\u00d3<\/a>[\/vc_column][vc_column css_animation=&#8221;none&#8221; width=&#8221;1\/3&#8243; el_class=&#8221;icon-visita icon-blanc&#8221; offset=&#8221;vc_col-lg-4 vc_col-md-4 vc_col-xs-12&#8243;][vc_raw_html]JTNDZGl2JTIwY2xhc3MlM0QlMjJpY29uYS1hbWItdGV4dCUyMiUzRSUzQ2ltZyUyMGl0ZW1wcm9wJTNEJTIyaW1hZ2UlMjIlMjBzcmMlM0QlMjJodHRwcyUzQSUyRiUyRmdyYWJhbG9zYS5jb20lMkZ3cC1jb250ZW50JTJGdXBsb2FkcyUyRnNpdGVzJTJGMiUyRjIwMTglMkYxMSUyRnZpc2l0YS1jb21lcmNpYWwtbmVncmUuc3ZnJTIyJTIwYWx0JTNEJTIySWNvbmElMjBkJTI3dW5hJTIwbWFsZXRhJTIwc2ltYm9saXR6YW50JTIwbCUyN2F0ZW5jaSVDMyVCMyUyMGNvbWVyY2lhbCUyMiUzRSUwQSUzQ2gzJTIwY2xhc3MlM0QlMjJ3LTQwMCUyMiUzRVZJU0lUQSUzQyUyRmgzJTNFJTBBJTNDaDMlM0VDT01FUkNJQUwlM0MlMkZoMyUzRSUwQSUzQ3AlM0VVbiUyMGRlbHMlMjBub3N0cmVzJTIwdCVDMyVBOGNuaWNzJTIwY29tZXJjaWFscyUyMGVscyUyMGFzc2Vzc29yYXIlQzMlQTAlMjBkZSUyMGxlcyUyMHNvbHVjaW9ucyUyMG0lQzMlQTlzJTIwYWRpZW50cy4lM0MlMkZwJTNFJTNDJTJGZGl2JTNF[\/vc_raw_html]<a  itemprop=\"url\" href=\"https:\/\/grabalosa.com\/servei-al-client\/visita-comercial\/\" target=\"_self\" data-hover-background-color=\"#1d1d1b\" data-hover-border-color=\"#1d1d1b\" data-hover-color=\"#ffffff\" class=\"qbutton  small center white default boto-mesinfo boto-visita-comercial\" style=\"color: #1d1d1b; border-color: #1d1d1b; border-radius: 3px;-moz-border-radius: 3px;-webkit-border-radius: 3px; background-color:transparent;\">M\u00c9S INFORMACI\u00d3<\/a>[\/vc_column][vc_column css_animation=&#8221;none&#8221; width=&#8221;1\/3&#8243; el_class=&#8221;icon-postvenda icon-blanc&#8221; offset=&#8221;vc_col-lg-4 vc_col-md-4 vc_col-xs-12&#8243;][vc_raw_html]JTNDZGl2JTIwY2xhc3MlM0QlMjJpY29uYS1hbWItdGV4dCUyMiUzRSUzQ2ltZyUyMGl0ZW1wcm9wJTNEJTIyaW1hZ2UlMjIlMjBzcmMlM0QlMjJodHRwcyUzQSUyRiUyRmdyYWJhbG9zYS5jb20lMkZ3cC1jb250ZW50JTJGdXBsb2FkcyUyRnNpdGVzJTJGMiUyRjIwMTglMkYxMSUyRnNlcnZlaS1wb3N0dmVuZGEtbmVncmUuc3ZnJTIyJTIwYWx0JTNEJTIySWNvbmElMjBkJTI3dW4lMjBkZXN0b3JuaWxsYWRvciUyMGklMjB1bmElMjBjbGF1JTIwYW5nbGVzYSUyMGNyZXVhZGVzJTIwc2ltYm9saXR6YW50JTIwZWwlMjBzZXJ2ZWklMjBkZSUyMHJlcGFyYWNpJUMzJUIzJTIwcG9zdHZlbmRhJTIyJTNFJTBBJTNDaDMlMjBjbGFzcyUzRCUyMnctNDAwJTIyJTNFU0VSVkVJJTNDJTJGaDMlM0UlMEElM0NoMyUzRVBPU1QtVkVOREElM0MlMkZoMyUzRSUwQSUzQ3AlM0VTZXJ2ZWklMjBkZSUyMG1hbnRlbmltZW50JTIwaSUyMHBvc3QtdmVuZGElMjBsZXMlMjAyNCUyMGhvcmVzJTIwZGVsJTIwZGlhJTIwZWxzJTIwNyUyMGRpZXMlMjBkZSUyMGxhJTIwc2V0bWFuYSUzQyUyRnAlM0UlM0MlMkZkaXYlM0U=[\/vc_raw_html]<a  itemprop=\"url\" href=\"https:\/\/grabalosa.com\/servei-al-client\/servei-post-venda\/\" target=\"_self\" data-hover-background-color=\"#1d1d1b\" data-hover-border-color=\"#1d1d1b\" data-hover-color=\"#ffffff\" class=\"qbutton  small center white default boto-mesinfo boto-servei-comercial\" style=\"color: #1d1d1b; border-color: #1d1d1b; border-radius: 3px;-moz-border-radius: 3px;-webkit-border-radius: 3px; background-color:transparent;\">M\u00c9S INFORMACI\u00d3<\/a>[\/vc_column][\/vc_row][vc_row css_animation=&#8221;element_from_fade&#8221; row_type=&#8221;row&#8221; use_row_as_full_screen_section=&#8221;no&#8221; type=&#8221;full_width&#8221; angled_section=&#8221;no&#8221; text_align=&#8221;left&#8221; background_image_as_pattern=&#8221;without_pattern&#8221; z_index=&#8221;&#8221; el_class=&#8221;portes-categories&#8221;][vc_column width=&#8221;1\/2&#8243; el_class=&#8221;producte-c ic_col-xxs-12&#8243; css=&#8221;.vc_custom_1541756448930{padding-right: 3px !important;padding-left: 3px !important;}&#8221; offset=&#8221;vc_col-lg-3 vc_col-md-3 vc_col-xs-6&#8243;]<div class=\"image_hover \" data-transition-delay=\"\"><div class=\"images_holder\"><a itemprop=\"url\" href=\"https:\/\/grabalosa.com\/portes\/productes-portes\/portes-de-garatge\/\" target=\"_self\"><img decoding=\"async\" itemprop=\"image\" class=\"active_image \" src=\"https:\/\/grabalosa.com\/portes\/wp-content\/uploads\/sites\/2\/2018\/11\/01p-portes-garatge-grabalosa-inici.jpg\" alt=\"Portes de garatge - Portes Grabalosa\" style=\"\" \/><img decoding=\"async\" itemprop=\"image\" class=\"hover_image\" src=\"https:\/\/grabalosa.com\/portes\/wp-content\/uploads\/sites\/2\/2018\/11\/01-portes-garatge-grabalosa-inici.jpg\" alt=\"Portes de garatge - Portes Grabalosa\" style=\"\" \/><\/a><\/div><\/div>[vc_column_text el_class=&#8221;titol-cat-hover&#8221;]<\/p>\n<h2>Portes<\/h2>\n<h2>de garatge<\/h2>\n<p>[\/vc_column_text][\/vc_column][vc_column width=&#8221;1\/2&#8243; css=&#8221;.vc_custom_1541756463260{padding-right: 3px !important;padding-left: 3px !important;}&#8221; el_class=&#8221;producte-c ic_col-xxs-12&#8243; offset=&#8221;vc_col-lg-3 vc_col-md-3 vc_col-xs-6&#8243;]<div class=\"image_hover \" data-transition-delay=\"\"><div class=\"images_holder\"><a itemprop=\"url\" href=\"https:\/\/grabalosa.com\/portes\/productes-portes\/portes-dentrada\/\" target=\"_self\"><img decoding=\"async\" itemprop=\"image\" class=\"active_image \" src=\"https:\/\/grabalosa.com\/portes\/wp-content\/uploads\/sites\/2\/2018\/11\/02p-2portes-entrada-grabalosa-inici.jpg\" alt=\"Portes d&#039;entrada - Portes Grabalosa\" style=\"\" \/><img decoding=\"async\" itemprop=\"image\" class=\"hover_image\" src=\"https:\/\/grabalosa.com\/portes\/wp-content\/uploads\/sites\/2\/2018\/11\/02-portes-entrada-grabalosa-inici.jpg\" alt=\"Portes d&#039;entrada - Portes Grabalosa\" style=\"\" \/><\/a><\/div><\/div>[vc_column_text el_class=&#8221;titol-cat-hover&#8221;]<\/p>\n<h2>Portes<\/h2>\n<h2>d&#8217;entrada<\/h2>\n<p>[\/vc_column_text][\/vc_column][vc_column width=&#8221;1\/2&#8243; css=&#8221;.vc_custom_1541756480796{padding-right: 3px !important;padding-left: 3px !important;}&#8221; el_class=&#8221;producte-c ic_col-xxs-12&#8243; offset=&#8221;vc_col-lg-3 vc_col-md-3 vc_col-xs-6&#8243;]<div class=\"image_hover \" data-transition-delay=\"\"><div class=\"images_holder\"><a itemprop=\"url\" href=\"https:\/\/grabalosa.com\/portes\/productes-portes\/porticons-de-seguretat\/\" target=\"_self\"><img decoding=\"async\" itemprop=\"image\" class=\"active_image \" src=\"https:\/\/grabalosa.com\/portes\/wp-content\/uploads\/sites\/2\/2018\/11\/03p-2portes-porticons-seguretat-grabalosa-inici.jpg\" alt=\"Porticons de seguretat - Portes Grabalosa\" style=\"\" \/><img decoding=\"async\" itemprop=\"image\" class=\"hover_image\" src=\"https:\/\/grabalosa.com\/portes\/wp-content\/uploads\/sites\/2\/2018\/11\/03-portes-porticons-seguretat-grabalosa-inici.jpg\" alt=\"Porticons de seguretat - Portes Grabalosa\" style=\"\" \/><\/a><\/div><\/div>[vc_column_text el_class=&#8221;titol-cat-hover&#8221;]<\/p>\n<h2>Porticons<\/h2>\n<h2>de seguretat<\/h2>\n<p>[\/vc_column_text][\/vc_column][vc_column width=&#8221;1\/2&#8243; el_class=&#8221;producte-c ic_col-xxs-12&#8243; css=&#8221;.vc_custom_1541756492918{padding-right: 3px !important;padding-left: 3px !important;}&#8221; offset=&#8221;vc_col-lg-3 vc_col-md-3 vc_col-xs-6&#8243;]<div class=\"image_hover \" data-transition-delay=\"\"><div class=\"images_holder\"><a itemprop=\"url\" href=\"https:\/\/grabalosa.com\/portes\/productes-portes\/portes-i-tanques-de-jardi\/\" target=\"_self\"><img decoding=\"async\" itemprop=\"image\" class=\"active_image \" src=\"https:\/\/grabalosa.com\/portes\/wp-content\/uploads\/sites\/2\/2018\/11\/04p-2portes-tanques-jardi-grabalosa-inici.jpg\" alt=\"Portes i tanques de jard\u00ed - Portes Grabalosa\" style=\"\" \/><img decoding=\"async\" itemprop=\"image\" class=\"hover_image\" src=\"https:\/\/grabalosa.com\/portes\/wp-content\/uploads\/sites\/2\/2018\/11\/04-portes-tanques-jardi-grabalosa-inici.jpg\" alt=\"Portes i tanques de jard\u00ed - Portes Grabalosa\" style=\"\" \/><\/a><\/div><\/div>[vc_column_text el_class=&#8221;titol-cat-hover&#8221;]<\/p>\n<h2>Portes i tanques<\/h2>\n<h2>de jard\u00ed<\/h2>\n<p>[\/vc_column_text][\/vc_column][\/vc_row][vc_row css_animation=&#8221;element_from_fade&#8221; row_type=&#8221;row&#8221; use_row_as_full_screen_section=&#8221;no&#8221; type=&#8221;grid&#8221; angled_section=&#8221;no&#8221; text_align=&#8221;left&#8221; background_image_as_pattern=&#8221;without_pattern&#8221; css=&#8221;.vc_custom_1550260063730{margin-top: 80px !important;margin-bottom: 80px !important;}&#8221; z_index=&#8221;&#8221; el_class=&#8221;modul-3&#8243;][vc_column width=&#8221;2\/3&#8243; el_class=&#8221;text-descriptiu-3 text-left&#8221; offset=&#8221;vc_col-lg-offset-2 vc_col-md-offset-2 vc_col-sm-offset-2&#8243;][vc_column_text]<\/p>\n<h2 class=\"h1\">Funcionalitat, disseny i seguretat<\/h2>\n<p><strong>Les portes i els portals de garatge<\/strong> de Met\u00e0l\u00b7liques Grabalosa estan fabricats amb material de <strong>primera qualitat<\/strong>, <strong>amb m\u00faltiples solucions constructives<\/strong> i amb una gran diversitat de dissenys i acabats. De manera que s&#8217;adapten als diferents estils arquitect\u00f2nics.<\/p>\n<p>La <strong>seguretat<\/strong> \u00e9s un altre dels elements clau en les portes i portals de Grabalosa, aix\u00ed com l&#8217;aposta per l&#8217;aplicaci\u00f3 de les<strong> noves tecnologies<\/strong> mitjan\u00e7ant diferents automatismes que doten de gran<strong> funcionalitat<\/strong> a aquesta tipologia de producte.[\/vc_column_text][vc_column_text el_class=&#8221;icones-text-2l icones-m3&#8243;]<\/p>\n<ul>\n<li><img decoding=\"async\" class=\"icona icona-s cercle disseny\" src=\"https:\/\/grabalosa.com\/portes\/wp-content\/uploads\/sites\/2\/2018\/11\/disseny-funcionalitat.svg\" alt=\"Disseny i funcionalitat\" \/><span class=\"no-marxis\">Disseny i funcionalitat<\/span><\/li>\n<li><img decoding=\"async\" class=\"icona icona-s cercle seguretat\" src=\"https:\/\/grabalosa.com\/wp-content\/uploads\/sites\/2\/2018\/11\/sistemes-seguretat.svg\" alt=\"Sistemes de seguretat\" \/><span class=\"no-marxis\">Sistemes de seguretat<\/span><\/li>\n<\/ul>\n<p>[\/vc_column_text][\/vc_column][\/vc_row][vc_row css_animation=&#8221;&#8221; row_type=&#8221;row&#8221; use_row_as_full_screen_section=&#8221;no&#8221; type=&#8221;grid&#8221; angled_section=&#8221;no&#8221; text_align=&#8221;left&#8221; background_image_as_pattern=&#8221;without_pattern&#8221; css=&#8221;.vc_custom_1550424290602{margin-top: 80px !important;margin-bottom: 80px !important;padding-top: 40px !important;padding-bottom: 40px !important;background-color: #f2f2f2 !important;}&#8221; z_index=&#8221;&#8221; el_class=&#8221;multiproducte flex-section flex-section-600 titol-producte-30&#8243;][vc_column width=&#8221;1\/2&#8243; offset=&#8221;vc_col-lg-offset-1 vc_col-lg-4 vc_col-md-offset-1 vc_col-md-5 vc_col-sm-offset-0 vc_col-xs-12&#8243;][vc_gallery interval=&#8221;3&#8243; images=&#8221;2513,2501&#8243; img_size=&#8221;300&#215;300&#8243; onclick=&#8221;&#8221; enable_drag=&#8221;no&#8221; direction_nav=&#8221;no&#8221; control_nav=&#8221;no&#8221; pause_on_hover=&#8221;no&#8221; el_class=&#8221;modul1-sliderh&#8221;][\/vc_column][vc_column width=&#8221;1\/2&#8243; offset=&#8221;vc_col-lg-6 vc_col-md-5 vc_col-xs-12&#8243; css=&#8221;.vc_custom_1550256441490{padding-top: 20px !important;padding-bottom: 20px !important;}&#8221;][vc_column_text]<\/p>\n<h2 class=\"h1\">Complements i<br \/>\n<span class=\"w-400\">automatismes<\/span><\/h2>\n<p>\u00c0mplia gamma de complements i automatismes per facilitar l\u2019obertura autom\u00e0tica, o dotar de millor seguretat les diferents portes residencials.[\/vc_column_text]<a  itemprop=\"url\" href=\"https:\/\/grabalosa.com\/portes\/complements-i-automatismes\/\" target=\"_self\" data-hover-background-color=\"#1d1d1b\" data-hover-border-color=\"#1d1d1b\" data-hover-color=\"#ffffff\" class=\"qbutton  small center white default boto-multiproducte\" style=\"color: #1d1d1b; border-color: #1d1d1b; border-radius: 3px;-moz-border-radius: 3px;-webkit-border-radius: 3px; background-color:transparent;\">M\u00c9S INFORMACI\u00d3<\/a>[\/vc_column][\/vc_row][vc_row css_animation=&#8221;element_from_fade&#8221; row_type=&#8221;row&#8221; use_row_as_full_screen_section=&#8221;no&#8221; type=&#8221;grid&#8221; angled_section=&#8221;no&#8221; text_align=&#8221;left&#8221; background_image_as_pattern=&#8221;without_pattern&#8221; css=&#8221;.vc_custom_1550260097197{margin-top: 80px !important;margin-bottom: 80px !important;}&#8221; z_index=&#8221;&#8221; el_class=&#8221;modul-3&#8243;][vc_column width=&#8221;2\/3&#8243; el_class=&#8221;text-descriptiu-3 text-left&#8221; offset=&#8221;vc_col-lg-offset-2 vc_col-md-offset-2 vc_col-sm-offset-2&#8243;][vc_column_text]<span class=\"h5\">SOM FABRICANTS<\/span>[\/vc_column_text][vc_column_text]<\/p>\n<h1>Demani el seu pressupost<\/h1>\n<p>Si li interessa tenir una estimaci\u00f3 econ\u00f2mica d\u2019un projecte de tancament met\u00e0l\u00b7lics posis en contacte amb nosatres a trav\u00e9s del tel\u00e8fon <strong>972 788 028<\/strong> o empleni el seg\u00fcent formulari especificant les caracter\u00edstiques del que necessita:[\/vc_column_text]<a  itemprop=\"url\" href=\"https:\/\/grabalosa.com\/portes\/pressupost\/\" target=\"_self\" data-hover-background-color=\"rgba(0,0,0,0.6)\" data-hover-border-color=\"transparent\" data-hover-color=\"#fefefe\" class=\"qbutton  large left white default btn-pressupost boto-pressu\" style=\"color: #ffffff; border-color: transparent; border-radius: 3px;-moz-border-radius: 3px;-webkit-border-radius: 3px; background-color:#1d1d1b;\">SOL\u00b7LICITUD<\/a>[\/vc_column][\/vc_row]<\/p>\n<\/div>","protected":false},"excerpt":{"rendered":"<p>[vc_row css_animation=&#8221;&#8221; row_type=&#8221;row&#8221; use_row_as_full_screen_section=&#8221;no&#8221; type=&#8221;full_width&#8221; angled_section=&#8221;no&#8221; text_align=&#8221;left&#8221; background_image_as_pattern=&#8221;without_pattern&#8221;][vc_column][\/vc_column][\/vc_row][vc_row css_animation=&#8221;element_from_fade&#8221; row_type=&#8221;row&#8221; use_row_as_full_screen_section=&#8221;no&#8221; type=&#8221;grid&#8221; angled_section=&#8221;no&#8221; text_align=&#8221;left&#8221; background_image_as_pattern=&#8221;without_pattern&#8221; z_index=&#8221;&#8221; css=&#8221;.vc_custom_1550260022824{margin-top: 20px !important;margin-bottom: 20px !important;padding-top: 60px !important;padding-bottom: 60px !important;background-color: #f1f1f1 !important;}&#8221; el_class=&#8221;tres-icones&#8221;][vc_column css_animation=&#8221;none&#8221; width=&#8221;1\/3&#8243; el_class=&#8221;icon-pressupost icon-blanc&#8221; offset=&#8221;vc_col-lg-4 vc_col-md-4 vc_col-xs-12&#8243;][vc_raw_html]JTNDZGl2JTIwY2xhc3MlM0QlMjJpY29uYS1hbWItdGV4dCUyMiUzRSUzQ2ltZyUyMGl0ZW1wcm9wJTNEJTIyaW1hZ2UlMjIlMjBzcmMlM0QlMjJodHRwcyUzQSUyRiUyRmdyYWJhbG9zYS5jb20lMkZ3cC1jb250ZW50JTJGdXBsb2FkcyUyRnNpdGVzJTJGMiUyRjIwMTglMkYxMSUyRnByZXNzdXBvc3QtZ3JhdHVpdC1uZWdyZS5zdmclMjIlMjBhbHQlM0QlMjJJY29uYSUyMGQlMjd1bmElMjBmYWN0dXJhJTIwaSUyMHVuYSUyMGNhbGN1bGFkb3JhJTIwc2ltYm9saXR6YW50JTIwZWwlMjBwcmVzc3Vwb3N0JTIwZGUlMjBsZXMlMjBwb3J0ZXMlMjIlM0UlM0NoMyUzRVBSRVNTVVBPU1QlM0MlMkZoMyUzRSUzQ2gzJTIwY2xhc3MlM0QlMjJ3LTQwMCUyMiUzRUdSQVRVJUMzJThGVCUzQyUyRmgzJTNFJTNDcCUzRVNvbCVDMiVCN2xpY2l0aSUyMHByZXNzdXBvc3QlMjBzZW5zZSUyMGNvbXByb20lQzMlQURzJTIwb21wbGludCUyMHVuJTIwc2VuemlsbCUyMGZvcm11bGFyaSUzQyUyRnAlM0UlM0MlMkZkaXYlM0U=[\/vc_raw_html][\/vc_column][vc_column css_animation=&#8221;none&#8221; width=&#8221;1\/3&#8243; el_class=&#8221;icon-visita icon-blanc&#8221; offset=&#8221;vc_col-lg-4 vc_col-md-4 vc_col-xs-12&#8243;][vc_raw_html]JTNDZGl2JTIwY2xhc3MlM0QlMjJpY29uYS1hbWItdGV4dCUyMiUzRSUzQ2ltZyUyMGl0ZW1wcm9wJTNEJTIyaW1hZ2UlMjIlMjBzcmMlM0QlMjJodHRwcyUzQSUyRiUyRmdyYWJhbG9zYS5jb20lMkZ3cC1jb250ZW50JTJGdXBsb2FkcyUyRnNpdGVzJTJGMiUyRjIwMTglMkYxMSUyRnZpc2l0YS1jb21lcmNpYWwtbmVncmUuc3ZnJTIyJTIwYWx0JTNEJTIySWNvbmElMjBkJTI3dW5hJTIwbWFsZXRhJTIwc2ltYm9saXR6YW50JTIwbCUyN2F0ZW5jaSVDMyVCMyUyMGNvbWVyY2lhbCUyMiUzRSUwQSUzQ2gzJTIwY2xhc3MlM0QlMjJ3LTQwMCUyMiUzRVZJU0lUQSUzQyUyRmgzJTNFJTBBJTNDaDMlM0VDT01FUkNJQUwlM0MlMkZoMyUzRSUwQSUzQ3AlM0VVbiUyMGRlbHMlMjBub3N0cmVzJTIwdCVDMyVBOGNuaWNzJTIwY29tZXJjaWFscyUyMGVscyUyMGFzc2Vzc29yYXIlQzMlQTAlMjBkZSUyMGxlcyUyMHNvbHVjaW9ucyUyMG0lQzMlQTlzJTIwYWRpZW50cy4lM0MlMkZwJTNFJTNDJTJGZGl2JTNF[\/vc_raw_html][\/vc_column][vc_column css_animation=&#8221;none&#8221; width=&#8221;1\/3&#8243; el_class=&#8221;icon-postvenda&#8230;<\/p>\n","protected":false},"author":1,"featured_media":68,"parent":0,"menu_order":0,"comment_status":"closed","ping_status":"closed","template":"full_width.php","meta":{"footnotes":""},"class_list":["post-2421","page","type-page","status-publish","has-post-thumbnail","hentry"],"aioseo_notices":[],"_links":{"self":[{"href":"https:\/\/grabalosa.com\/portes\/wp-json\/wp\/v2\/pages\/2421","targetHints":{"allow":["GET"]}}],"collection":[{"href":"https:\/\/grabalosa.com\/portes\/wp-json\/wp\/v2\/pages"}],"about":[{"href":"https:\/\/grabalosa.com\/portes\/wp-json\/wp\/v2\/types\/page"}],"author":[{"embeddable":true,"href":"https:\/\/grabalosa.com\/portes\/wp-json\/wp\/v2\/users\/1"}],"replies":[{"embeddable":true,"href":"https:\/\/grabalosa.com\/portes\/wp-json\/wp\/v2\/comments?post=2421"}],"version-history":[{"count":3,"href":"https:\/\/grabalosa.com\/portes\/wp-json\/wp\/v2\/pages\/2421\/revisions"}],"predecessor-version":[{"id":7501,"href":"https:\/\/grabalosa.com\/portes\/wp-json\/wp\/v2\/pages\/2421\/revisions\/7501"}],"wp:featuredmedia":[{"embeddable":true,"href":"https:\/\/grabalosa.com\/portes\/wp-json\/wp\/v2\/media\/68"}],"wp:attachment":[{"href":"https:\/\/grabalosa.com\/portes\/wp-json\/wp\/v2\/media?parent=2421"}],"curies":[{"name":"wp","href":"https:\/\/api.w.org\/{rel}","templated":true}]}}